{"id":745,"date":"2025-02-04T18:35:16","date_gmt":"2025-02-04T18:35:16","guid":{"rendered":"https:\/\/sandra-gringer.com\/?post_type=product&#038;p=745"},"modified":"2025-04-20T20:19:56","modified_gmt":"2025-04-20T20:19:56","slug":"elefant-2","status":"publish","type":"product","link":"https:\/\/sandra-gringer.com\/?product=elefant-2","title":{"rendered":"Elefant"},"content":{"rendered":"","protected":false},"excerpt":{"rendered":"<p>Denne unikke bronze skulptur er n\u00f8je h\u00e5ndlavet og st\u00f8bt i \u00e6gte massiv bronze..<\/p>\n<p>Den har f\u00e5et en smuk patinering, der virkelig fremh\u00e6ver bronzens varme gl\u00f8d og detaljer.<\/p>\n<p>Skulpturen er skabt af mig, Sandra Gringer \u2013 wildlife-kunstner med en fork\u00e6rlighed for at portr\u00e6ttere dyr. Den er perfekt som noget helt s\u00e6rligt til dit hjem eller en unik gave til en, du holder af.<\/p>\n<p>Bronze kan st\u00e5 udenfor hele \u00e5ret.<\/p>\n<p>Figuren er 7cm h\u00f8j uden tr\u00e6klodsen og vejer 594g<\/p>\n<p>Tr\u00e6klodsen medf\u00f8lger.<\/p>\n","protected":false},"featured_media":769,"template":"","meta":[],"product_cat":[46],"product_tag":[],"class_list":{"0":"post-745","1":"product","2":"type-product","3":"status-publish","4":"has-post-thumbnail","6":"product_cat-bronze","8":"first","9":"instock","10":"shipping-taxable","11":"purchasable","12":"product-type-simple"},"_links":{"self":[{"href":"https:\/\/sandra-gringer.com\/index.php?rest_route=\/wp\/v2\/product\/745","targetHints":{"allow":["GET"]}}],"collection":[{"href":"https:\/\/sandra-gringer.com\/index.php?rest_route=\/wp\/v2\/product"}],"about":[{"href":"https:\/\/sandra-gringer.com\/index.php?rest_route=\/wp\/v2\/types\/product"}],"wp:featuredmedia":[{"embeddable":true,"href":"https:\/\/sandra-gringer.com\/index.php?rest_route=\/wp\/v2\/media\/769"}],"wp:attachment":[{"href":"https:\/\/sandra-gringer.com\/index.php?rest_route=%2Fwp%2Fv2%2Fmedia&parent=745"}],"wp:term":[{"taxonomy":"product_cat","embeddable":true,"href":"https:\/\/sandra-gringer.com\/index.php?rest_route=%2Fwp%2Fv2%2Fproduct_cat&post=745"},{"taxonomy":"product_tag","embeddable":true,"href":"https:\/\/sandra-gringer.com\/index.php?rest_route=%2Fwp%2Fv2%2Fproduct_tag&post=745"}],"curies":[{"name":"wp","href":"https:\/\/api.w.org\/{rel}","templated":true}]}}